 6*b + 86. Let z be l(-15). Is (-63745)/z - (3 - 45/12) a composite number?
False
Let b be (2/(-9)*6)/((-4)/12). Let c(h) = 672*h**2 + 35*h - 9. Is c(b) a composite number?
False
Let o = -2 - -4. Suppose 9*i = 3*i - 72. Is (2 + 0)/((i/(-8859))/o) composite?
False
Let d = -514227 - -901450. Is d a composite number?
True
Suppose 6*v = 2*v - 2*u + 580, 3*v - u = 425. Is v + (-3*2 - (5 - 7)) a composite number?
False
Suppose -7*o + 16 = o. Suppose -3*v = o - 14. Suppose m - g - 226 = -0*g, -2*m - v*g + 434 = 0. Is m a prime number?
True
Suppose 0 = -56*v + 59*v - 28473. Is v composite?
False
Suppose -4*b - 23258 = g, 2*g - 9 = -5. Let h = -3332 - b. Is h prime?
False
Let w(u) = -u**3 + 17 + u**2 - u - 669 + 0*u. Let a be w(0). Is (a/6)/((-30)/45) composite?
False
Suppose 5*l - 6*l + 21918 = -2*o, -4*o - l = 43848. Let v = o + 20374. Is v prime?
True
Let b be (-2 - 0) + (-3 - -1). Let y be 1*10/b*4/(-5). Suppose 209 = h + y*p, 3*p = -h + 228 - 20. Is h a composite number?
False
Let w(h) = -h**3 + 33*h**2 - 28*h + 563. Is w(32) a prime number?
True
Suppose 108*r - 56215968 = 12*r. Is r a composite number?
True
Let t(n) = -96*n**3 - 19*n**2 - 130*n - 1510. Is t(-13) a prime number?
False
Let y = 2200 - 2194. Let f = 3 - 1. Suppose f*z - y = 0, 3*g - 734 - 931 = -2*z. Is g composite?
True
Suppose 48 = -4*r + 4*f, -3*r - 28 = f + 8. Let m be (-3072 + 2)*18/r. Suppose -w + 6*w = m. Is w prime?
False
Let q(f) = -f**2 + 3*f - 5*f - 2*f - 5*f + 3. Let y be q(4). Let x = y + 300. Is x a composite number?
False
Suppose -9*o = 18520 - 63934. Suppose -5*c - 4*f - 6433 = -145, 4*c + o = 2*f. Let j = c + 1943. Is j a prime number?
True
Is (-25 - 9)/((-42)/116697) a composite number?
True
Suppose 0 = -n - 0 + 5, -4*k - 107 = 5*n. Let p be 11/k + 43/3. Let x(s) = s**2 + 12*s + 15. Is x(p) composite?
False
Suppose -7*d = -20*d + 234. Is (-2 - 7970)*(-9)/d composite?
True
Let d be 0*((-4)/8 - -1). Suppose -b + 2 = 2*x - d*x, -4*b + 8 = -3*x. Let p = 81 - b. Is p a composite number?
False
Let j(m) = 1536*m + 2855. Is j(49) a composite number?
True
Suppose 5*h = 3*k - 257373, 103*k - 106*k - 5*h + 257313 = 0. Is k prime?
True
Is (32514946/(-107))/(2/(-1)) a prime number?
True
Let h(j) = 1162*j**2 - 4*j + 5. Let u be h(-4). Suppose -11*p + 6*p = -5*t - 18605, 3*t - u = -5*p. Is p prime?
False
Let h = 688970 + -407347. Is h composite?
False
Suppose -2*q + 68046 = d, 2*d - 68292 = 4*q - 204368. Is q a composite number?
True
Let a = 309224 + -165985. Is a a composite number?
False
Let z = 374 - -44. Suppose 3161 = 3*v - z. Is v prime?
True
Let y = 31805 + -15864. Is (y + -59)*((-5)/(-6))/5 prime?
True
Suppose -3*r + 3 = 2*g, -g + 4*g + 3 = -2*r. Is 2*1278/12*11/r a composite number?
True
Let z = -24515 + 35308. Is z a composite number?
True
Suppose 0 = -3*h - 5*g - 13076 + 114964, 0 = -4*h + 2*g + 135842. Is h a composite number?
False
Let h(z) = 205*z - 30. Let g be h(-13). Let y = g - -4456. Is y prime?
False
Is (4 - 1)*(-168725)/(-75) prime?
False
Let c(j) be the second derivative of 0 + 1/6*j**3 - 30*j + 1/4*j**5 + 1/12*j**4 - 3/2*j**2. Is c(2) a prime number?
True
Is (0 + -6 - 0)*35151/(-18) composite?
False
Let b be -602*(-3)/15 - (-21)/35. Is 22/b + 254655/33 a composite number?
False
Let p(n) = 15*n**3 - 8*n**2 - 6*n + 12. Let f(o) = -o**3 + 7*o**2 - 4. Let r be f(7). Let d be p(r). Is d/(-6)*((-462)/(-4))/7 a composite number?
True
Let u(n) = -n**3 - 8*n**2 - 2*n + 15. Let z = -39 + 69. Let w be (-2)/(z/(-8) - -4). Is u(w) a composite number?
False
Let g(j) = j**2 - 3*j + 3. Suppose 4*d = -d. Let t be g(d). Suppose 0 = -2*h - t*h + 695. Is h prime?
True
Let c = -135 - -38. Let h = -11 - c. Let y = 241 - h. Is y a prime number?
False
Let a be 268/(2*-1)*5. Let c = -1344 + 877. Let l = c - a. Is l a prime number?
False
Let g be (-79276)/(-16) + 70/56. Let c = -3011 + g. Is c a composite number?
True
Suppose 15*i = -16*i + 168919. Suppose -3*f - k = -i, 3*f + 1807 - 7262 = 2*k. Is f a prime number?
False
Let n be 108/30*(38/6 - 3). Suppose n*i - 19 = 17. Is i/((-21)/(-2221)) - 32/112 prime?
True
Let c(i) = -5*i**2 + 27*i - 9. Let z be c(5). Is (2 - 10/(-5)*z) + 5431 a prime number?
False
Let p(q) = 104*q**2 + 16*q + 150. Let k(d) = 35*d**2 + 6*d + 50. Let l(c) = -17*k(c) + 6*p(c). Is l(-13) a composite number?
True
Suppose 4*p = 12, -4*p - 424550 = 4*u - 1332390. Is u a composite number?
True
Suppose -15 = 5*l, 5*k - l + 16 - 39 = 0. Is (k - ((-2)/6 + 4))*1329 a composite number?
False
Suppose -2*o + 52*b = 54*b - 3160966, 0 = 4*o - 4*b - 6321948. Is o composite?
True
Let x be ((-202)/(-2))/((-1)/(-13)). Suppose 0 = 2*v + 139 - x. Is v a prime number?
True
Let a = -963169 + 1770812. Is a composite?
True
Suppose 7*s + 11*s = 67806. Let y = 1204 + s. Is y prime?
False
Let u(x) = 30*x**2 - 64*x + 5007. Is u(44) composite?
False
Suppose -2*o - 98 = 4*i, i - 103 = 5*i - 3*o. Let w = i - -27. Suppose 58 = w*j - j. Is j a prime number?
False
Suppose -10*v + 3*k + 853211 = -802996, -2*k = 5*v - 828107. Is v a composite number?
True
Let f(g) = -85*g - 17. Let q = -35 + 43. Let k be ((-30)/(-8))/(-5)*q. Is f(k) composite?
True
Suppose 2981841 = 4*k - 5*v, 2*k - 2093230 = 4*v - 602296. Is k a composite number?
True
Suppose 3850088 - 10881482 = -54*t. Is t prime?
True
Let b be (27/18)/((-6)/(-10196)). Suppose -2*x + b = -537. Is x prime?
True
Let k(c) = 19*c**3 - 10*c**2 + 5*c + 3. Let l be k(6). Suppose z = -2*z + l. Is z prime?
True
Let z(u) = 333*u - 51. Let b be (4/10)/(-6*1/(-90)). Let j be z(b). Is j - ((-2)/14 - 45/(-21)) composite?
True
Suppose -3*w - 9*s = -5*s - 458797, -3*w - s + 458812 = 0. Is w a composite number?
False
Suppose 4*m - 5*t = 142059, 177595 = 5*m - 5*t + 3*t. Is m a prime number?
True
Suppose 0 = 10*j + 4*j - 223734. Let m = 28876 - j. Is m prime?
False
Is (-15 + (-2211555)/(-60))*4 composite?
False
Suppose 0 = -6*u + 27*u - 964908. Suppose -u + 6063 = -15*v. Is v a prime number?
True
Suppose -3*w - 24*k + 169 = -19*k, 2*k = -3*w + 154. Suppose -47*r + w*r - 14383 = 0. Is r composite?
True
Suppose 15 = -5*m + 3*y + y, 17 = 2*m + 3*y. Let x be 9/m*(27 + 2 + -4). Suppose -5*p = -x - 1860. Is p a composite number?
True
Let s(k) = 3*k**3 - 17*k**2 + 14*k + 45. Suppose -19*x + 225 = -41. Is s(x) a composite number?
True
Suppose -292 = 5*z + u - 1120, 0 = z - 4*u - 153. Is 2 - 37042/(-5) - z/(-275) a prime number?
True
Let j(z) = 3*z - 8. Let g be j(2). Let n be g*(-3 - -2)*2. Suppose n*q = 3*r + q - 6333, -6333 = -3*r - 4*q. Is r prime?
True
Is (1 + -2)/(3/(-3))*(12796 - -445) a composite number?
False
Suppose -v + 5*c - 12 = 0, -v - 4*c = -0 - 6. Is 2073 - 0/(v + 1) prime?
False
Let i = 362445 + -13766. Is i prime?
False
Let g = -61491 + 120900. Let h = 97904 - g. Is h prime?
False
Let w(p) = p**2 - 6*p - 3. Let y be w(-1). Suppose 5*v - 38701 = 4*m, 0 = y*v - 4*m - 34951 + 3991. Is v a prime number?
True
Let q = -185 + 185. Suppose 4*o = y + y + 3844, y + 4 = q. Is o a prime number?
False
Let p(x) be the first derivative of -2*x**2 + 7*x + 6. Let g be p(2). Let b(v) = -112*v**3 - 1. Is b(g) a prime number?
False
Let k = 63548 - -24051. Is k prime?
False
Let a = 59 + -56. Suppose a*y - 30 = -3*y. Suppose 5*v - 5045 = j - y*j, j - 4036 = -4*v. Is v a prime number?
True
Let b = -727 + 1796. Is b composite?
False
Suppose 3*k + 4*m = -68 + 12, -3*m = 2*k + 38. Let j(z) = 19 + 18 - 56 - 198*z + 14. Is j(k) prime?
True
Let d(n) = -2*n**2 + 19*n - 19. Let j be d(8). Suppose 4*v - 1107 + 2986 = 5*x, -j*x + 3*v = -1883. Is x a prime number?
True
Let q(u) be the third derivative of 5*u**4/24 - 7*u**3/2 + 26*u**2. Let s be q(5). Suppose -2*k + 1441 = 3*i, 3*k - k - s = 0. Is i composite?
False
Is (8/(896/(-8659434)))/((-6)/32) a composite number?
True
Suppose 269 = 3*w + 4*u - 2*u, 439 = 5*w + u. Let s be w/58*((-22)/3 - 0). Let p(b) = 18*b**2 - 2*b - 29. Is p(s) a composite number?
True
Suppose 0 = 48*p - 49*p + 4. Let o = 1905 + 3826. Suppose p*t - o = -7*t. Is t prime?
True
Suppose 5*u = 10*u - 60. Let f(y) = 76*y + 25. Let k be f(u). Suppose -j + i = j - k, 0 = 2*i + 6. Is j prime?
True
Let y be 2/(-14) - (192/28 + -2). Let h(j) = -75*j + 64. Is h(y) prime?
True
Let d(a) = -a**2 - 6*a + 18. Let v be d(2). Let s(g) = 12 - 1 + 416*g + 50*g. Is s(v) composite?